st common divisor of 14 and q.
14
Suppose 2*j = -25 + 17, -w + 228 = 5*j. Calculate the greatest common divisor of w and 651.
31
Let h be -4 - (4 + -12) - -1. Let n(z) = h - 41*z - 2 + 8. Let k be n(-5). Calculate the greatest common factor of 24 and k.
24
Let i = 3789 - 3773. What is the highest common divisor of 368 and i?
16
Let j = -203 + 539. Let h = -154 - -156. Suppose 139 = 3*v + q, h*v + 4*q + 0*q = 76. What is the highest common divisor of v and j?
48
Suppose 2*z + 4*w - 201 = 203, 3*z - 2*w = 574. Let v = -77 + z. Calculate the highest common factor of v and 27.
9
Let n(p) = 28*p**2 + 19*p + 18. Let y(d) = 53*d**2 + 37*d + 34. Let o(x) = 5*n(x) - 2*y(x). Let i be o(-1). Calculate the highest common factor of 35 and i.
35
Let p = 752 + -683. Calculate the highest common divisor of p and 92.
23
Let i(g) = 4*g + 3. Let k be i(-17). Let c = k + 68. Suppose -c*z - 2*p + 27 = 0, z = 3*p - 1 + 21. What is the greatest common factor of z and 143?
11
Suppose -2*g + 5*o = -6*g + 1124, -2*o = 5*g - 1422. Let n(m) = m**3 - 5*m**2 + 9*m - 79. Let b be n(6). Calculate the highest common factor of g and b.
11
Let l be 8316/297*(50/(-8))/(-5). Suppose 2*f - 2*b = b + 344, -3*f + b = -523. What is the highest common factor of f and l?
35
Suppose -71*v - 43504 = -164488. Calculate the greatest common factor of 710 and v.
142
Let j be (3 + -3 + 2)*120. Suppose -2*x + 119 + 238 = 3*a, -62*a = -3*x + 1134. What is the highest common factor of x and j?
48
Suppose -6596 = -8*d - 0*l + 2*l, l + 4123 = 5*d. Calculate the greatest common factor of d and 75.
75
Let d(u) = 17*u**2 - u + 4. Let h be d(3). Let q be (1 + -7)*(-77)/h. Calculate the greatest common factor of 447 and q.
3
Suppose 0 = 4*o - o - r + 4, -3*r = 3*o - 12. Suppose -s - 4*s + 10 = o. Suppose s*b = 32 + 28. Calculate the greatest common factor of b and 75.
15
Let h be 39/9*(-99)/(-143). Suppose u - 4*u + 5*a + 137 = 0, 0 = -5*u + 4*a + 211. What is the highest common divisor of h and u?
3
Let f = -1587 + 2263. What is the highest common factor of f and 52?
52
Let q be 8/((864/459)/8). Suppose -3*t + 2*t + 74 = 0. Suppose -164 = -h + t. What is the greatest common factor of q and h?
34
Let m be (55/4)/((1495/(-156))/(-23)). Calculate the greatest common factor of m and 1111.
11
Let q(z) = z**3 + 4*z**2 - 13*z - 3. Let m be q(-6). Suppose -5*r = 0, 2*b - m*r = 8 + 12. What is the greatest common divisor of 930 and b?
10
Suppose 183*t - 236*t + 271360 = 0. What is the greatest common factor of 80 and t?
80
Suppose 0 = 2*u - 3*d - 186, -7*u + 11*u + 4*d = 392. Calculate the greatest common divisor of u and 6672.
48
Let h(c) = c**2 - 1. Let z(w) = w**3 + 7*w**2 - 2*w + 9. Let f(v) = -2*h(v) + z(v). Let r be f(-5). What is the highest common factor of 91 and r?
7
Suppose 3102 = 61*b - 680. What is the highest common factor of b and 3379?
31
Suppose 39*v - 3676 - 2369 = 0. Let b be ((-434)/v)/(2/(-20)). Calculate the greatest common divisor of b and 8.
4
Suppose 45 = 3*b - 0. Suppose 5*r = 5*s - 10, -r + 5*r = 0. Suppose s*j - 34 = 86. Calculate the highest common divisor of j and b.
15
Let k(p) = -5*p**3 + 4*p**2 + 5*p - 22. Let j be k(5). Let i = -290 - j. What is the greatest common divisor of 8 and i?
8
Suppose 4*k + 17 = -7. Let z be (4/k)/(4/(-186)). Let o = -6493 - -6834. What is the highest common factor of o and z?
31
Let n be (-10)/(-6*(-8)/(-29904)). Calculate the highest common factor of 70 and n.
70
Let w(j) = -4*j**2 - 62*j + 7. Let x be w(-15). Let m be -13 + 10 - (-1078 + 2). Calculate the highest common divisor of m and x.
37
Suppose 140 = -3*c + 7*c. Suppose 0 = 20*i + 20774 - 22174. What is the greatest common divisor of c and i?
35
Suppose -43*s = -47*s + 5*h + 845, 5*h = 3*s - 635. Calculate the greatest common divisor of s and 810.
30
Let f be 60/45*(-171)/(-2). Suppose s + d - 7 = 0, 3*d + 0*d = 3. Calculate the greatest common divisor of s and f.
6
Suppose 40*y = -10*y + 78300. What is the highest common factor of 1131 and y?
87
Let p be -20*(-1)/(1/4). Let q(j) = j**3 + 9*j**2 + 13*j - 5. Let x be q(-7). Let k be (5 + 25/15)/(x/36). What is the highest common divisor of k and p?
40
Suppose -94859*w + 3150 = -94845*w. Calculate the highest common factor of w and 300.
75
Let l(f) = f + 48. Let w be l(-9). Let v = 54 - w. Suppose v*o = 5*o + 310. What is the highest common divisor of 248 and o?
31
Suppose 438*g - 134*g - 236*g - 3672 = 0. Calculate the greatest common factor of 786 and g.
6
Let p be (-1)/(2/(-40)) + -13. What is the highest common factor of 8365 and p?
7
Let u(h) be the first derivative of h**2/2 + 27*h + 89. Let x be u(21). What is the greatest common factor of 3 and x?
3
Suppose 2*o + 5*d = 297, 246*o = 242*o - 4*d + 576. Calculate the highest common divisor of o and 6627.
141
Let r be 1*-4 - 7/(49/(-5019)). Let l = -80 - -103. Calculate the highest common factor of l and r.
23
Let x(z) = 22*z**2 - 3*z + 3. Let h be x(-1). What is the highest common divisor of h and 1652?
28
Let m = 5667 - 5513. Calculate the greatest common factor of 980 and m.
14
Suppose 454*y = 452*y + m + 344, -y + 4*m + 186 = 0. Let x(i) = -i**2 + 18*i - 9. Let b be x(11). Calculate the greatest common divisor of y and b.
34
Suppose 3*b - 45 = -0*b. Let v(d) = -30*d - 3. Let h be v(-2). Suppose 5 = 58*z - h*z. Calculate the greatest common factor of z and b.
5
Let g(s) = -s**3 + 45*s**2 - 113*s + 372. Let w be g(31). Calculate the highest common divisor of 37 and w.
37
Suppose 0 = 23*z - 149 - 173. Let r be 185 + (4/z)/(5/35). What is the greatest common divisor of 33 and r?
11
Let i = 7 - 11. Let f(j) = 84*j + 782. Let v be f(-9). Let z = i + v. Calculate the highest common divisor of 22 and z.
22
Let t = -39 + 41. Suppose 0*l = -t*l. Suppose l = 4*u + 4*u - 24. Calculate the highest common divisor of u and 3.
3
Suppose 183*i - 2378 = 136*i + 14166. Calculate the greatest common divisor of i and 143.
11
Let q(u) = 9*u**2 - 67*u + 1150. Let j be q(18). Calculate the greatest common divisor of j and 40.
20
Suppose 0 = 5*p - 2*w - 425, -7*w + 255 = 3*p - 8*w. What is the greatest common factor of 374 and p?
17
Suppose 7*i - 6804 = 4*i - 5*q, q = -4*i + 9072. Calculate the greatest common factor of i and 48.
12
Suppose -4*t = -2*p + 392, 5*p + 2*t + 3*t = 1010. Let d(b) = -16*b + 55. Let r be d(9). Let c = r - -114. Calculate the greatest common factor of p and c.
25
Let y = 192 + -156. Let f be (28 - 38)*y/(-10). Suppose -4*l + i + 190 = 0, -l - i + 0*i = -50. Calculate the highest common factor of f and l.
12
Let v be (-175)/(-4) - (-1)/4. Suppose 4*p + 3*s - 642 = p, -427 = -2*p - s. Suppose 5*h - 337 = p. Calculate the highest common divisor of v and h.
22
Suppose 4*p + 2*b = 5*b + 6619, 0 = -p + 2*b + 1661. Suppose -397 = 2*m - p. Calculate the greatest common factor of 33 and m.
33
Let v(r) = 2*r**3 - 78*r**2 - 2*r + 62. Let y be v(39). Suppose -28 = 2*p + 2*p. Let w be y/24*3*p. What is the highest common divisor of w and 63?
7
Let t = 713 - 383. Let w(n) = -12*n + 100*n**2 - 101*n**2 + 0 - 2. Let g be w(-8). What is the highest common divisor of g and t?
30
Let u = 352 + -380. Let x = 70 + 0. Let i = x + u. Calculate the greatest common factor of i and 70.
14
Suppose x = 34 - 10. Let w = x - 40. Let r be (4*(-18)/w)/(2/4). Calculate the greatest common divisor of r and 6.
3
Let h = 893 - 872. Suppose 2*r - 4*b - 12 = 0, 5*r + 0*b - 25 = 5*b. Suppose -3*i + 23 = -r. Calculate the highest common divisor of h and i.
3
Suppose -2*r = t - 78, 0 = 2*t + 2*t - 5*r - 416. What is the greatest common divisor of 16 and t?
2
Let l be 44/(-8) + 4/(16/6). Let o be (1 + l)*(-4)/6. Let c be ((-27)/o + 0)/(6/(-32)). Calculate the greatest common factor of 8 and c.
8
Let w(z) = -z**2 - 24*z - 124. Let u be w(-16). Let r(f) = 24*f - 115. Let s be r(6). What is the greatest common divisor of s and u?
1
Suppose 4*y = y + 12, -2*u - 5*y + 40 = 0. Suppose 20*h = -5463 + 5503. Calculate the highest common factor of u and h.
2
Let z(j) = 10*j**2 - 7*j - 1. Let r be z(-2). Let g be r*(5 - -6) + 2. What is the highest common divisor of 65 and g?
65
Suppose 5*t + 13*o - 11*o = 53, 2*o = t - 1. Let j be 12 - t/(36/16). What is the highest common factor of j and 8?
8
Suppose -2*t - k + 2 = k, 0 = 4*t + 2